{"id":496,"date":"2023-08-31T21:21:19","date_gmt":"2023-08-31T21:21:19","guid":{"rendered":"https:\/\/deaikai.com\/?page_id=496"},"modified":"2023-08-31T23:50:17","modified_gmt":"2023-08-31T23:50:17","slug":"socio","status":"publish","type":"page","link":"https:\/\/deaikai.com\/?page_id=496","title":{"rendered":"S\u00f3cio"},"content":{"rendered":"\n<p>Preencher o formul\u00e1rio de associado.<\/p>\n\n\n<div class=\"wpforms-container wpforms-container-full wpforms-render-modern\" id=\"wpforms-500\"><form id=\"wpforms-form-500\" class=\"wpforms-validate wpforms-form wpforms-ajax-form\" data-formid=\"500\" method=\"post\" enctype=\"multipart\/form-data\" action=\"\/index.php?rest_route=%2Fwp%2Fv2%2Fpages%2F496\" data-token=\"79a930216364e7e38ec12dcc00252ce1\"><noscript class=\"wpforms-error-noscript\">Please enable JavaScript in your browser to complete this form.<\/noscript><div class=\"wpforms-hidden\" id=\"wpforms-error-noscript\">Please enable JavaScript in your browser to complete this form.<\/div><div class=\"wpforms-field-container\"><div id=\"wpforms-500-field_16-container\" class=\"wpforms-field wpforms-field-select wpforms-field-select-style-classic\" data-field-id=\"16\"><label class=\"wpforms-field-label\" for=\"wpforms-500-field_16\">Indique o Dojo onde se inscreve <span class=\"wpforms-required-label\" aria-hidden=\"true\">*<\/span><\/label><select id=\"wpforms-500-field_16\" class=\"wpforms-field-medium wpforms-field-required\" name=\"wpforms[fields][16]\" required=\"required\"><option value=\"Vit\u00f3ria Futebol Clube - Set\u00fabal\"  selected='selected'>Vit\u00f3ria Futebol Clube - Set\u00fabal<\/option><option value=\"Dojo de Lisboa\" >Dojo de Lisboa<\/option><option value=\"AMA - Santar\u00e9m\" >AMA - Santar\u00e9m<\/option><option value=\"Dojo do Oeste\" >Dojo do Oeste<\/option><\/select><\/div><div id=\"wpforms-500-field_1-container\" class=\"wpforms-field wpforms-field-text\" data-field-id=\"1\"><label class=\"wpforms-field-label\" for=\"wpforms-500-field_1\">Nome Completo <span class=\"wpforms-required-label\" aria-hidden=\"true\">*<\/span><\/label><input type=\"text\" id=\"wpforms-500-field_1\" class=\"wpforms-field-medium wpforms-field-required\" name=\"wpforms[fields][1]\" aria-errormessage=\"wpforms-500-field_1-error\" required><\/div><div id=\"wpforms-500-field_2-container\" class=\"wpforms-field wpforms-field-select wpforms-field-select-style-classic\" data-field-id=\"2\"><label class=\"wpforms-field-label\" for=\"wpforms-500-field_2\">Escolha o doc. de identifica\u00e7\u00e3o <span class=\"wpforms-required-label\" aria-hidden=\"true\">*<\/span><\/label><select id=\"wpforms-500-field_2\" class=\"wpforms-field-medium wpforms-field-required\" name=\"wpforms[fields][2]\" required=\"required\"><option value=\"Cart\u00e3o de Cidad\u00e3o\"  selected='selected'>Cart\u00e3o de Cidad\u00e3o<\/option><option value=\"Passaporte\" >Passaporte<\/option><option value=\"Visto de resid\u00eancia\" >Visto de resid\u00eancia<\/option><\/select><\/div><div id=\"wpforms-500-field_3-container\" class=\"wpforms-field wpforms-field-text\" data-field-id=\"3\"><label class=\"wpforms-field-label\" for=\"wpforms-500-field_3\">N\u00ba do doc. de identifica\u00e7\u00e3o <span class=\"wpforms-required-label\" aria-hidden=\"true\">*<\/span><\/label><input type=\"text\" id=\"wpforms-500-field_3\" class=\"wpforms-field-medium wpforms-field-required\" name=\"wpforms[fields][3]\" aria-errormessage=\"wpforms-500-field_3-error\" required><\/div><div id=\"wpforms-500-field_4-container\" class=\"wpforms-field wpforms-field-text\" data-field-id=\"4\"><label class=\"wpforms-field-label\" for=\"wpforms-500-field_4\">NIF <span class=\"wpforms-required-label\" aria-hidden=\"true\">*<\/span><\/label><input type=\"text\" id=\"wpforms-500-field_4\" class=\"wpforms-field-medium wpforms-field-required\" name=\"wpforms[fields][4]\" aria-errormessage=\"wpforms-500-field_4-error\" required><\/div><div id=\"wpforms-500-field_5-container\" class=\"wpforms-field wpforms-field-text\" data-field-id=\"5\"><label class=\"wpforms-field-label\" for=\"wpforms-500-field_5\">Data de Nascimento DD-MM-ANO <span class=\"wpforms-required-label\" aria-hidden=\"true\">*<\/span><\/label><input type=\"text\" id=\"wpforms-500-field_5\" class=\"wpforms-field-medium wpforms-field-required\" name=\"wpforms[fields][5]\" aria-errormessage=\"wpforms-500-field_5-error\" required><\/div><div id=\"wpforms-500-field_6-container\" class=\"wpforms-field wpforms-field-text\" data-field-id=\"6\"><label class=\"wpforms-field-label\" for=\"wpforms-500-field_6\">N\u00ba de telefone <span class=\"wpforms-required-label\" aria-hidden=\"true\">*<\/span><\/label><input type=\"text\" id=\"wpforms-500-field_6\" class=\"wpforms-field-medium wpforms-field-required\" name=\"wpforms[fields][6]\" aria-errormessage=\"wpforms-500-field_6-error\" required><\/div><div id=\"wpforms-500-field_7-container\" class=\"wpforms-field wpforms-field-text\" data-field-id=\"7\"><label class=\"wpforms-field-label\" for=\"wpforms-500-field_7\">Endere\u00e7o <span class=\"wpforms-required-label\" aria-hidden=\"true\">*<\/span><\/label><input type=\"text\" id=\"wpforms-500-field_7\" class=\"wpforms-field-medium wpforms-field-required\" name=\"wpforms[fields][7]\" aria-errormessage=\"wpforms-500-field_7-error\" required><\/div><div id=\"wpforms-500-field_8-container\" class=\"wpforms-field wpforms-field-text\" data-field-id=\"8\"><label class=\"wpforms-field-label\" for=\"wpforms-500-field_8\">C\u00f3dio Postal e localidade <span class=\"wpforms-required-label\" aria-hidden=\"true\">*<\/span><\/label><input type=\"text\" id=\"wpforms-500-field_8\" class=\"wpforms-field-medium wpforms-field-required\" name=\"wpforms[fields][8]\" aria-errormessage=\"wpforms-500-field_8-error\" required><\/div><div id=\"wpforms-500-field_9-container\" class=\"wpforms-field wpforms-field-text\" data-field-id=\"9\"><label class=\"wpforms-field-label\" for=\"wpforms-500-field_9\">Endere\u00e7o de e-mail <span class=\"wpforms-required-label\" aria-hidden=\"true\">*<\/span><\/label><input type=\"text\" id=\"wpforms-500-field_9\" class=\"wpforms-field-medium wpforms-field-required\" name=\"wpforms[fields][9]\" aria-errormessage=\"wpforms-500-field_9-error\" required><\/div><div id=\"wpforms-500-field_17-container\" class=\"wpforms-field wpforms-field-text\" data-field-id=\"17\"><label class=\"wpforms-field-label\" for=\"wpforms-500-field_17\">Se j\u00e1 praticou aikido indique quando iniciou a pr\u00e1tica e o(s) dojo(s) onde praticou<\/label><input type=\"text\" id=\"wpforms-500-field_17\" class=\"wpforms-field-medium\" name=\"wpforms[fields][17]\" aria-errormessage=\"wpforms-500-field_17-error\" ><\/div><div id=\"wpforms-500-field_12-container\" class=\"wpforms-field wpforms-field-select wpforms-field-select-style-classic\" data-field-id=\"12\"><label class=\"wpforms-field-label\" for=\"wpforms-500-field_12\">Gradua\u00e7\u00e3o atual (crian\u00e7as e adolescentes at\u00e9 aos 14 anos)<\/label><select id=\"wpforms-500-field_12\" class=\"wpforms-field-medium\" name=\"wpforms[fields][12]\"><option value=\"Sem gradua\u00e7\u00e3o (cinto branco)\" >Sem gradua\u00e7\u00e3o (cinto branco)<\/option><option value=\"9\u00ba Kyu (cinto branco e amarelo)\" >9\u00ba Kyu (cinto branco e amarelo)<\/option><option value=\"8\u00ba Kyu (cinto amarelo)\" >8\u00ba Kyu (cinto amarelo)<\/option><option value=\"7\u00ba Kyu (cinto amarelo e laranja)\" >7\u00ba Kyu (cinto amarelo e laranja)<\/option><option value=\"6\u00ba Kyu (cinto laranja)\" >6\u00ba Kyu (cinto laranja)<\/option><option value=\"5\u00ba Kyu (cinto laranja e verde)\" >5\u00ba Kyu (cinto laranja e verde)<\/option><option value=\"4\u00ba Kyu (cinto verde)\" >4\u00ba Kyu (cinto verde)<\/option><option value=\"3\u00ba Kyu (cinto verde e azul)\" >3\u00ba Kyu (cinto verde e azul)<\/option><option value=\"2\u00ba Kyu (cinto azul)\" >2\u00ba Kyu (cinto azul)<\/option><\/select><\/div><div id=\"wpforms-500-field_13-container\" class=\"wpforms-field wpforms-field-select wpforms-field-select-style-classic\" data-field-id=\"13\"><label class=\"wpforms-field-label\" for=\"wpforms-500-field_13\">Gradua\u00e7\u00e3o actual (adultos, jovens e adolescentes com mais de 14 anos)<\/label><select id=\"wpforms-500-field_13\" class=\"wpforms-field-medium\" name=\"wpforms[fields][13]\"><option value=\"Sem gradua\u00e7\u00e3o (cinto branco)\" >Sem gradua\u00e7\u00e3o (cinto branco)<\/option><option value=\"5\u00ba Kyu (cinto amarelo)\" >5\u00ba Kyu (cinto amarelo)<\/option><option value=\"4\u00ba Kyu (cinto laranja)\" >4\u00ba Kyu (cinto laranja)<\/option><option value=\"3\u00ba Kyu (cinto verde)\" >3\u00ba Kyu (cinto verde)<\/option><option value=\"2\u00ba Kyu (cinto azul)\" >2\u00ba Kyu (cinto azul)<\/option><option value=\"1\u00ba Kyu (cinto castanho)\" >1\u00ba Kyu (cinto castanho)<\/option><option value=\"1\u00ba Dan\" >1\u00ba Dan<\/option><option value=\"2\u00ba Dan\" >2\u00ba Dan<\/option><option value=\"3\u00ba Dan\" >3\u00ba Dan<\/option><option value=\"4\u00ba Dan\" >4\u00ba Dan<\/option><option value=\"5\u00ba Dan\" >5\u00ba Dan<\/option><option value=\"6\u00ba Dan\" >6\u00ba Dan<\/option><option value=\"7\u00ba Dan\" >7\u00ba Dan<\/option><\/select><\/div><div id=\"wpforms-500-field_14-container\" class=\"wpforms-field wpforms-field-text\" data-field-id=\"14\"><label class=\"wpforms-field-label\" for=\"wpforms-500-field_14\">Se possui gradua\u00e7\u00e3o indique a data em que adquiriu e quem atribuiu (professor e associa\u00e7\u00e3o)<\/label><input type=\"text\" id=\"wpforms-500-field_14\" class=\"wpforms-field-medium\" name=\"wpforms[fields][14]\" aria-errormessage=\"wpforms-500-field_14-error\" ><\/div><div id=\"wpforms-500-field_19-container\" class=\"wpforms-field wpforms-field-gdpr-checkbox\" data-field-id=\"19\"><label class=\"wpforms-field-label\" for=\"wpforms-500-field_19\">Consentimento de gest\u00e3o de dados pessoais <span class=\"wpforms-required-label\" aria-hidden=\"true\">*<\/span><\/label><ul id=\"wpforms-500-field_19\" class=\"wpforms-field-required\"><li class=\"choice-1\"><input type=\"checkbox\" id=\"wpforms-500-field_19_1\" name=\"wpforms[fields][19][]\" value=\"Autorizo o tratamento dos dados pessoais aqui inseridos para fins administrativos e estat\u00edsticos pela Associa\u00e7\u00e3o de Aikido do Sul, podendo proceder \u00e0 sua transmiss\u00e3o, total ou parcial, \u00e0 Federa\u00e7\u00e3o Portuguesa de Aikido. Assim como autorizo a conserva\u00e7\u00e3o dos dados para efeitos de hist\u00f3ria e de registo das gradua\u00e7\u00f5es, sem depend\u00eancia de prazo. Tenho conhecimento de que sou titular do direito de oposi\u00e7\u00e3o, acesso e rectifica\u00e7\u00e3o dos meus dados pessoais aqui disponibilizados \u00e0 AAS, conforme consagra\u00e7\u00e3o legal.\" aria-errormessage=\"wpforms-500-field_19_1-error\" required ><label class=\"wpforms-field-label-inline\" for=\"wpforms-500-field_19_1\">Autorizo o tratamento dos dados pessoais aqui inseridos para fins administrativos e estat\u00edsticos pela Associa\u00e7\u00e3o de Aikido do Sul, podendo proceder \u00e0 sua transmiss\u00e3o, total ou parcial, \u00e0 Federa\u00e7\u00e3o Portuguesa de Aikido. Assim como autorizo a conserva\u00e7\u00e3o dos dados para efeitos de hist\u00f3ria e de registo das gradua\u00e7\u00f5es, sem depend\u00eancia de prazo. Tenho conhecimento de que sou titular do direito de oposi\u00e7\u00e3o, acesso e rectifica\u00e7\u00e3o dos meus dados pessoais aqui disponibilizados \u00e0 AAS, conforme consagra\u00e7\u00e3o legal.<\/label><\/li><\/ul><\/div><div id=\"wpforms-500-field_20-container\" class=\"wpforms-field wpforms-field-gdpr-checkbox\" data-field-id=\"20\"><label class=\"wpforms-field-label\" for=\"wpforms-500-field_20\">Exame m\u00e9dico desportivo <span class=\"wpforms-required-label\" aria-hidden=\"true\">*<\/span><\/label><ul id=\"wpforms-500-field_20\" class=\"wpforms-field-required\"><li class=\"choice-1\"><input type=\"checkbox\" id=\"wpforms-500-field_20_1\" name=\"wpforms[fields][20][]\" value=\"Assumo conhecimento de necessidade de realiza\u00e7\u00e3o de exame m\u00e9dico desportivo, de acordo com a legisla\u00e7\u00e3o aplic\u00e1vel, e procederei \u00e0 entrega do respectivo exame ao respons\u00e1vel pelo dojo, assumindo a responsabilidade caso isso n\u00e3o aconte\u00e7a.\" aria-errormessage=\"wpforms-500-field_20_1-error\" required ><label class=\"wpforms-field-label-inline\" for=\"wpforms-500-field_20_1\">Assumo conhecimento de necessidade de realiza\u00e7\u00e3o de exame m\u00e9dico desportivo, de acordo com a legisla\u00e7\u00e3o aplic\u00e1vel, e procederei \u00e0 entrega do respectivo exame ao respons\u00e1vel pelo dojo, assumindo a responsabilidade caso isso n\u00e3o aconte\u00e7a.<\/label><\/li><\/ul><\/div><\/div><!-- .wpforms-field-container --><div class=\"wpforms-submit-container\" ><input type=\"hidden\" name=\"wpforms[id]\" value=\"500\"><input type=\"hidden\" name=\"wpforms[author]\" value=\"1\"><button type=\"submit\" name=\"wpforms[submit]\" id=\"wpforms-submit-500\" class=\"wpforms-submit\" data-alt-text=\"A enviar\" data-submit-text=\"Submeter\" aria-live=\"assertive\" value=\"wpforms-submit\">Submeter<\/button><img decoding=\"async\" src=\"https:\/\/deaikai.com\/wp-content\/plugins\/wpforms-lite\/assets\/images\/submit-spin.svg\" class=\"wpforms-submit-spinner\" style=\"display: none;\" width=\"26\" height=\"26\" alt=\"Loading\"><\/div><\/form><\/div>  <!-- .wpforms-container -->\n\n\n\n<p><\/p>\n\n\n\n<p>Pagamentos anuais: quota anual associativa + quota anual federativa + seguro desportivo federativo: 30 euros (27 euros p\/menores de 15 anos).<\/p>\n\n\n\n<p>IBAN da AAS: PT50 00 3600 4399 10 038 713 345 <\/p>\n\n\n\n<p>Envio de comprovativo do pagamento para: email@aas-aikido.com<\/p>\n\n\n\n<p><\/p>\n","protected":false},"excerpt":{"rendered":"<p>Preencher o formul\u00e1rio de associado. Pagamentos anuais: quota anual associativa + quota anual federativa + seguro desportivo federativo: 30 euros (27 euros p\/menores de 15 anos). IBAN da AAS: PT50 00 3600 4399 10 038 713 345 Envio de comprovativo do pagamento para: email@aas-aikido.com<\/p>\n","protected":false},"author":1,"featured_media":0,"parent":0,"menu_order":0,"comment_status":"closed","ping_status":"closed","template":"","meta":{"footnotes":""},"class_list":["post-496","page","type-page","status-publish"],"yoast_head":"<!-- This site is optimized with the Yoast SEO plugin v21.0 - https:\/\/yoast.com\/wordpress\/plugins\/seo\/ -->\n<title>S\u00f3cio - deaikai.com<\/title>\n<meta name=\"robots\" content=\"index, follow, max-snippet:-1, max-image-preview:large, max-video-preview:-1\" \/>\n<link rel=\"canonical\" href=\"https:\/\/deaikai.com\/?page_id=496\" \/>\n<meta property=\"og:locale\" content=\"pt_PT\" \/>\n<meta property=\"og:type\" content=\"article\" \/>\n<meta property=\"og:title\" content=\"S\u00f3cio - deaikai.com\" \/>\n<meta property=\"og:description\" content=\"Preencher o formul\u00e1rio de associado. Pagamentos anuais: quota anual associativa + quota anual federativa + seguro desportivo federativo: 30 euros (27 euros p\/menores de 15 anos). IBAN da AAS: PT50 00 3600 4399 10 038 713 345 Envio de comprovativo do pagamento para: email@aas-aikido.com\" \/>\n<meta property=\"og:url\" content=\"https:\/\/deaikai.com\/?page_id=496\" \/>\n<meta property=\"og:site_name\" content=\"deaikai.com\" \/>\n<meta property=\"article:modified_time\" content=\"2023-08-31T23:50:17+00:00\" \/>\n<meta name=\"twitter:card\" content=\"summary_large_image\" \/>\n<meta name=\"twitter:label1\" content=\"Tempo estimado de leitura\" \/>\n\t<meta name=\"twitter:data1\" content=\"1 minuto\" \/>\n<script type=\"application\/ld+json\" class=\"yoast-schema-graph\">{\"@context\":\"https:\/\/schema.org\",\"@graph\":[{\"@type\":\"WebPage\",\"@id\":\"https:\/\/deaikai.com\/?page_id=496\",\"url\":\"https:\/\/deaikai.com\/?page_id=496\",\"name\":\"S\u00f3cio - deaikai.com\",\"isPartOf\":{\"@id\":\"https:\/\/deaikai.com\/#website\"},\"datePublished\":\"2023-08-31T21:21:19+00:00\",\"dateModified\":\"2023-08-31T23:50:17+00:00\",\"breadcrumb\":{\"@id\":\"https:\/\/deaikai.com\/?page_id=496#breadcrumb\"},\"inLanguage\":\"pt-PT\",\"potentialAction\":[{\"@type\":\"ReadAction\",\"target\":[\"https:\/\/deaikai.com\/?page_id=496\"]}]},{\"@type\":\"BreadcrumbList\",\"@id\":\"https:\/\/deaikai.com\/?page_id=496#breadcrumb\",\"itemListElement\":[{\"@type\":\"ListItem\",\"position\":1,\"name\":\"In\u00edcio\",\"item\":\"https:\/\/deaikai.com\/\"},{\"@type\":\"ListItem\",\"position\":2,\"name\":\"S\u00f3cio\"}]},{\"@type\":\"WebSite\",\"@id\":\"https:\/\/deaikai.com\/#website\",\"url\":\"https:\/\/deaikai.com\/\",\"name\":\"deaikai.com\",\"description\":\"Aikido Zazen Tessen Butoh DeaiDance\",\"publisher\":{\"@id\":\"https:\/\/deaikai.com\/#organization\"},\"potentialAction\":[{\"@type\":\"SearchAction\",\"target\":{\"@type\":\"EntryPoint\",\"urlTemplate\":\"https:\/\/deaikai.com\/?s={search_term_string}\"},\"query-input\":\"required name=search_term_string\"}],\"inLanguage\":\"pt-PT\"},{\"@type\":\"Organization\",\"@id\":\"https:\/\/deaikai.com\/#organization\",\"name\":\"deaikai.com\",\"url\":\"https:\/\/deaikai.com\/\",\"logo\":{\"@type\":\"ImageObject\",\"inLanguage\":\"pt-PT\",\"@id\":\"https:\/\/deaikai.com\/#\/schema\/logo\/image\/\",\"url\":\"https:\/\/deaikai.com\/wp-content\/uploads\/2023\/08\/cropped-icon_principal_5.jpg\",\"contentUrl\":\"https:\/\/deaikai.com\/wp-content\/uploads\/2023\/08\/cropped-icon_principal_5.jpg\",\"width\":404,\"height\":80,\"caption\":\"deaikai.com\"},\"image\":{\"@id\":\"https:\/\/deaikai.com\/#\/schema\/logo\/image\/\"}}]}<\/script>\n<!-- \/ Yoast SEO plugin. -->","yoast_head_json":{"title":"S\u00f3cio - deaikai.com","robots":{"index":"index","follow":"follow","max-snippet":"max-snippet:-1","max-image-preview":"max-image-preview:large","max-video-preview":"max-video-preview:-1"},"canonical":"https:\/\/deaikai.com\/?page_id=496","og_locale":"pt_PT","og_type":"article","og_title":"S\u00f3cio - deaikai.com","og_description":"Preencher o formul\u00e1rio de associado. Pagamentos anuais: quota anual associativa + quota anual federativa + seguro desportivo federativo: 30 euros (27 euros p\/menores de 15 anos). IBAN da AAS: PT50 00 3600 4399 10 038 713 345 Envio de comprovativo do pagamento para: email@aas-aikido.com","og_url":"https:\/\/deaikai.com\/?page_id=496","og_site_name":"deaikai.com","article_modified_time":"2023-08-31T23:50:17+00:00","twitter_card":"summary_large_image","twitter_misc":{"Tempo estimado de leitura":"1 minuto"},"schema":{"@context":"https:\/\/schema.org","@graph":[{"@type":"WebPage","@id":"https:\/\/deaikai.com\/?page_id=496","url":"https:\/\/deaikai.com\/?page_id=496","name":"S\u00f3cio - deaikai.com","isPartOf":{"@id":"https:\/\/deaikai.com\/#website"},"datePublished":"2023-08-31T21:21:19+00:00","dateModified":"2023-08-31T23:50:17+00:00","breadcrumb":{"@id":"https:\/\/deaikai.com\/?page_id=496#breadcrumb"},"inLanguage":"pt-PT","potentialAction":[{"@type":"ReadAction","target":["https:\/\/deaikai.com\/?page_id=496"]}]},{"@type":"BreadcrumbList","@id":"https:\/\/deaikai.com\/?page_id=496#breadcrumb","itemListElement":[{"@type":"ListItem","position":1,"name":"In\u00edcio","item":"https:\/\/deaikai.com\/"},{"@type":"ListItem","position":2,"name":"S\u00f3cio"}]},{"@type":"WebSite","@id":"https:\/\/deaikai.com\/#website","url":"https:\/\/deaikai.com\/","name":"deaikai.com","description":"Aikido Zazen Tessen Butoh DeaiDance","publisher":{"@id":"https:\/\/deaikai.com\/#organization"},"potentialAction":[{"@type":"SearchAction","target":{"@type":"EntryPoint","urlTemplate":"https:\/\/deaikai.com\/?s={search_term_string}"},"query-input":"required name=search_term_string"}],"inLanguage":"pt-PT"},{"@type":"Organization","@id":"https:\/\/deaikai.com\/#organization","name":"deaikai.com","url":"https:\/\/deaikai.com\/","logo":{"@type":"ImageObject","inLanguage":"pt-PT","@id":"https:\/\/deaikai.com\/#\/schema\/logo\/image\/","url":"https:\/\/deaikai.com\/wp-content\/uploads\/2023\/08\/cropped-icon_principal_5.jpg","contentUrl":"https:\/\/deaikai.com\/wp-content\/uploads\/2023\/08\/cropped-icon_principal_5.jpg","width":404,"height":80,"caption":"deaikai.com"},"image":{"@id":"https:\/\/deaikai.com\/#\/schema\/logo\/image\/"}}]}},"_links":{"self":[{"href":"https:\/\/deaikai.com\/index.php?rest_route=\/wp\/v2\/pages\/496","targetHints":{"allow":["GET"]}}],"collection":[{"href":"https:\/\/deaikai.com\/index.php?rest_route=\/wp\/v2\/pages"}],"about":[{"href":"https:\/\/deaikai.com\/index.php?rest_route=\/wp\/v2\/types\/page"}],"author":[{"embeddable":true,"href":"https:\/\/deaikai.com\/index.php?rest_route=\/wp\/v2\/users\/1"}],"replies":[{"embeddable":true,"href":"https:\/\/deaikai.com\/index.php?rest_route=%2Fwp%2Fv2%2Fcomments&post=496"}],"version-history":[{"count":5,"href":"https:\/\/deaikai.com\/index.php?rest_route=\/wp\/v2\/pages\/496\/revisions"}],"predecessor-version":[{"id":522,"href":"https:\/\/deaikai.com\/index.php?rest_route=\/wp\/v2\/pages\/496\/revisions\/522"}],"wp:attachment":[{"href":"https:\/\/deaikai.com\/index.php?rest_route=%2Fwp%2Fv2%2Fmedia&parent=496"}],"curies":[{"name":"wp","href":"https:\/\/api.w.org\/{rel}","templated":true}]}}